 + 2/(-2). Suppose -3*p + w = -55. Suppose 46*c = 36*c + 58 + 112. Calculate the remainder when p is divided by c.
14
Let f = -170 - -201. What is the remainder when 55 is divided by f?
24
Suppose 3*p - 38 = -0*n + 5*n, p + n = 2. Suppose -3*z + 1 = 88. Let h = 45 + z. Calculate the remainder when h is divided by p.
4
Let r(t) = -4*t + 19. Calculate the remainder when 146 is divided by r(-14).
71
Suppose b - 5 = 0, b - 3*b = -p + 1. Suppose t + 2*k - p = 0, 5*t - 2*t = 2*k + 25. Calculate the remainder when 17 is divided by t.
8
Suppose -2104*c + 126 = -2098*c. Calculate the remainder when 37 is divided by c.
16
Calculate the remainder when 309 is divided by 295/10 + (-1)/(-2).
9
What is the remainder when 38 is divided by 5/(140/12)*21?
2
Suppose 4*m + 3*g + g = 272, -3*g = m - 70. Let o = m + -42. Suppose -4*z = 0, 0*b - 2*z + 52 = 4*b. What is the remainder when o is divided by b?
12
Let i = 324 - 290. What is the remainder when i is divided by 24?
10
Let l = 11 + -8. Let f(g) = -8*g**2 + 33 + 3*g - g**l - 39 + 2*g**3. Calculate the remainder when f(8) is divided by 11.
7
Let f = 423 - 401. Calculate the remainder when 91 is divided by f.
3
Calculate the remainder when 186 is divided by (-13 + 9 + 3)/((-1)/9).
6
Let s be 2*-3*4/(-6). Let b(f) = f**2 - 6*f + 4. Let w be b(s). Calculate the remainder when 35 is divided by w + (2 - -1) + 10.
8
Suppose 3*v + 120 = 5*v. What is the remainder when v is divided by (-169)/(-8) + (-132)/1056?
18
Suppose -32*i = -22*i - 1710. What is the remainder when i is divided by 86?
85
Let u = -29 - -50. Suppose 3*o = -y + 28 + 25, y - u = -o. Suppose 4*p = 4*m + 124, 110 = 4*p + m + 2*m. What is the remainder when p is divided by o?
13
Let z = -1617 + 1637. Calculate the remainder when 351 is divided by z.
11
Let y(o) = -o**2 - 54*o + 933. Let v(b) = 4*b - 4. Calculate the remainder when y(12) is divided by v(5).
13
Suppose 2*a + 0*a - 32 = 0. Let p = -36 - -131. Calculate the remainder when p is divided by a.
15
Let n = 373 + -143. Let y = n - 42. What is the remainder when y is divided by 27?
26
Let d be 2 + 14/1 + -3. Suppose d + 33 = x. Let z = -31 + x. Calculate the remainder when 42 is divided by z.
12
Let y(k) = -15*k**2 - 9 + 2*k + 0*k**3 + 5 + k**3 - 3. Suppose 4*w - 20 = -2*p - 0, -5*w + 24 = 3*p. What is the remainder when y(15) is divided by w?
5
Let a(n) = -7*n. Let y be a(1). Let g = -36 + 39. What is the remainder when 25 is divided by 7/y - -5*g?
11
Let y be (-2 + 3*(-10)/(-4))*-38. Let q = -127 - y. What is the remainder when q is divided by 14?
12
Let a(u) = 27*u**2 + u - 1. Suppose 3 = 5*d - 2. Let v(m) = -4*m - 42. What is the remainder when a(d) is divided by v(-12)?
3
Let b(d) = -3*d**2 - 14*d + 39. What is the remainder when 81 is divided by b(-6)?
6
Let u = 116 + -215. Let g = u - -153. What is the remainder when g is divided by 19?
16
Let a = 34 - -11. Calculate the remainder when 66 is divided by 19 - (-9)/(a/20).
20
Suppose 179 = 16*f - 29. Calculate the remainder when 175 is divided by f.
6
Suppose 5*a - 66 = 2*l, 52 = 4*a + 28*l - 30*l. Calculate the remainder when a is divided by 1.
0
Let v be (-99)/(-15) + -4*(-3)/30. Suppose v*u - 293 = 148. Calculate the remainder when u is divided by 23.
17
Let j be (0 + 2)/(2/27). Suppose -2*z = -3*l - 13, -5*z + 5*l = 3*l - j. Suppose 4*d - 11 = z. What is the remainder when d is divided by 3?
1
Suppose -5*c - 145 = -5*q, 10*q = 13*q + 2*c - 107. Calculate the remainder when 109 is divided by q.
10
Let u = -37 + -11. Let j = u + 92. Let k = j - 21. Calculate the remainder when 91 is divided by k.
22
Let c(f) = f**3 - 19*f**2 + f - 10. Suppose 2*k = -0*i + i + 17, 25 = -5*i. What is the remainder when 52/3*9/k is divided by c(19)?
8
Suppose 0 = 4*w - 7 - 1. Suppose -5*y + 9 = -v, 0 = 3*v + w*y - 17 - 7. Calculate the remainder when 9 is divided by v.
3
Let s(a) = 29*a - 371. Suppose -2*h + 149 + 141 = 4*p, 5*h - p - 692 = 0. What is the remainder when h is divided by s(14)?
34
Suppose -30 = o + 4*o. Let p = o + 13. What is the remainder when 17 is divided by p?
3
Suppose -16*f + 414 = -7*f. Calculate the remainder when 88 is divided by f.
42
What is the remainder when 26/156 + (1430/12)/5 is divided by 7?
3
Suppose -5*t + 7 = -3. Suppose -t*u + 27 + 29 = 0. Suppose 0*r - u = -4*r. What is the remainder when 17 is divided by r?
3
Let y(d) = d**3 + d. Let g be y(2). Calculate the remainder when (-20)/2*(g - 14) is divided by 15.
10
Suppose -2*u - 4*u = 36. Let l(k) be the third derivative of -k**4/3 - k**3/3 - 2*k**2. What is the remainder when l(u) is divided by 16?
14
Calculate the remainder when 675/30*-2*(-4)/3 is divided by 15.
0
Suppose 4*b - 32 = -4*g, -3*b - g - 3 = -17. Suppose -457 = -b*o - v, -4*v = -0 - 16. What is the remainder when o is divided by 38?
37
Suppose -12*a - 32 - 16 = 0. Let p(f) = -9*f - 26. What is the remainder when 24 is divided by p(a)?
4
Suppose -5*p + 286 = 41. Calculate the remainder when p is divided by 40.
9
Let s(x) = -x**3 - 7*x**2 - x - 7. Let i be s(-7). Suppose i = -3*l + 70 - 25. What is the remainder when l is divided by 3?
0
Let a(h) = 3*h + 108. What is the remainder when 162 is divided by a(-22)?
36
Let l be (-3 + 1)/((-2)/12). Let a = 109 + -107. Let x = l + a. Calculate the remainder when 55 is divided by x.
13
Suppose 2*i - 2*m = 10, 5*i + 3*m - 25 = 6*m. Let z(a) = 4*a**2 - 12*a - 1. What is the remainder when z(i) is divided by 14?
11
Let q(y) = -y**2 - 9*y - 8. Calculate the remainder when 116 is divided by q(-5).
8
Suppose -2*f - 4*j + 264 = 0, -2*f - j + 128 = -f. Let h = f - 75. What is the remainder when h is divided by 13?
10
Let m = -6 + 6. Suppose -4*f = -4, m*j - 4*f + 4 = j. Suppose i - 4*v - 18 = -i, -4*i - 2*v + 26 = j. Calculate the remainder when 26 is divided by i.
5
Let f = 127 - 85. Calculate the remainder when 73 is divided by f.
31
Suppose -3*t - 4*l = -381, 3*l + 3 = 12. What is the remainder when t is divided by 18?
15
Let w be (-6)/(-96)*28*(1 + 3). Suppose -39 + 139 = 4*o. What is the remainder when 69 + (-3 + w - 2) is divided by o?
21
Let m(l) = -5*l**3 - l**2 + 5*l + 3. Let i be m(-3). Calculate the remainder when 53 is divided by i/4*12/18.
15
Suppose 26*i = 29*i + 3*z - 4566, 0 = 5*i - 2*z - 7575. What is the remainder when i is divided by 33?
32
What is the remainder when 314 is divided by 4/10*16/(384/1740)?
24
Let c(y) = 50*y - 4. Let p be c(1). Suppose -4*f = -322 + p. What is the remainder when f is divided by 24?
21
What is the remainder when 61 is divided by (-5)/10*-4 - -23 - 0?
11
Suppose 27 + 486 = 19*n. What is the remainder when n is divided by 12?
3
Let v(p) = p + 18. Let f = 1 + 2. Suppose 6 - 213 = -f*k. Calculate the remainder when k is divided by v(0).
15
Calculate the remainder when 109 + (6/(-24))/((-4)/64) is divided by 34.
11
Let d(v) = 2*v**2 + v. Let s be d(-2). Let h(t) = t**2 - 3*t. Calculate the remainder when h(s) is divided by ((-15)/9)/((-1)/6).
8
Suppose -6*a - 85 = 167. Let j(h) = h**2 + 4*h - 6. Let s be j(-6). What is the remainder when 6 is divided by a/(-9) + s/(-9)?
2
Let b(w) = -w**2 + 3*w + 1. Let c be b(2). Suppose 0 = -c*v + 100 - 19. What is the remainder when v is divided by ((-621)/(-1035))/((-6)/(-100))?
7
Suppose -558 = -2*z + 4*u + 368, -4*z + 1864 = -5*u. What is the remainder when z is divided by 79?
76
Let q = -157 + 161. Let b(y) = 2*y**2 - 7*y + 9. Calculate the remainder when 28 is divided by b(q).
2
Let s(t) = 25*t**3 + 2*t - 1. Calculate the remainder when 123 is divided by s(1).
19
Let d(i) = 4*i. Let p be d(5). Suppose 4*t = 6*t - p. Suppose 8*r = 9*r + v - 20, 5*r + 2*v = 97. What is the remainder when r is divided by t?
9
Let x(t) = -19*t - 66. Calculate the remainder when 48 is divided by x(-5).
19
Let x = 135 - -137. Suppose -28 = -4*m + x. Calculate the remainder when m is divided by 11.
9
Suppose 12*x + 182 = -202. Let m = x - -45. What is the remainder when 20 is divided by m?
7
Suppose -7*o + 11*o - 924 = -4*j, -3*o + 708 = -2*j. Calculate the remainder when o is divided by 54.
18
Let t(b) = 10*b - 13. Let c be t(2). Calculate the remainder when c/((-1)/(4 + -7)) is divided by 12.
9
Let b = 594 - 586. Suppose -c + 1 = 0, 3*c = -3*u + 8*c - 95. Let d = 43 + u. What is the remainder when d is divided 